276 - 268. Let u be 764/t + -2 + 9/(-6). What is the highest common divisor of u and 23?
23
Let o(u) = -u**3 + 32*u**2 - 58*u - 47. Suppose 3*h - 80 = 2*k, 4*k = 8*h - 4*h - 100. Let t be o(h). What is the highest common factor of 221 and t?
13
Let g(n) = -2*n**3 + 181*n**2 + 288*n - 174. Let j be g(92). Calculate the highest common divisor of 1705 and j.
155
Suppose 22*a = 34*a - 864. Let m(n) = -n + 1. Let k be m(-4). Suppose g - 2*h = 3*g - a, -3*g + k*h = -140. What is the highest common factor of 20 and g?
20
Suppose 0*h = 4*k - 2*h - 846, k - 4*h = 215. Let i = 235 - k. What is the greatest common factor of 264 and i?
24
Suppose -20*m - 3699 = 23*m - 78906. What is the greatest common factor of 53 and m?
53
Suppose p - 4*t - 14 = 0, -51 = -p - 4*t - 21. Suppose p*w = k + 21*w - 124, k - 2*w - 128 = 0. What is the greatest common divisor of k and 300?
60
Suppose 56*h - 922 = -239*h + 5273. Calculate the highest common divisor of h and 4907.
7
Let l = -26 + 278. Let a be (3 + 95/15)*3. Suppose 3*h = 4*v - a + 96, -2*h + 60 = v. Calculate the highest common divisor of h and l.
28
Suppose 15*r + 26*r - 164 = 0. Let o = 152 - 70. Calculate the greatest common divisor of o and r.
2
Suppose -29 = -3*s - 2*k, -5*s + 3*k = -68 + 7. What is the greatest common divisor of 6193 and s?
11
Let r be (-776)/(-56) + -14 + 26150/35. Calculate the greatest common factor of r and 332.
83
Let j(x) = 75*x - 10. Suppose -3*i = 2*i + 5*s + 20, 4*i = 4*s + 24. Let m be j(i). What is the highest common divisor of m and 52?
13
Let s = 163 + -75. Suppose 4*m = 5*m - t - s, -4 = t. What is the highest common divisor of 147 and m?
21
Suppose -7*z + 90 = 3*y - 5*z, 22 = y - 2*z. Let b = -226 - -534. What is the highest common factor of b and y?
28
Suppose 0 = -3*g + 5*g - 16. Let h be (-7)/7 + (-3 - -57). Suppose 9*t + g = h. What is the highest common factor of t and 10?
5
Suppose 3*k = -l + 160, 9*l + 4*k - 1042 - 398 = 0. What is the highest common divisor of l and 580?
20
Suppose -x = -4*b - 292, 18*x + b - 1287 = 14*x. Let a = 1 + 19. What is the greatest common factor of x and a?
20
Suppose 121 = 15*w - 233 - 366. Suppose -3*o - 5*z = -1867, o + 2*z = 4*o - 1874. What is the greatest common divisor of o and w?
48
Suppose 31*a - 2373 - 4106 = 0. Suppose -21*x + 715 = -a. Calculate the highest common factor of x and 33.
11
Let n = 4829 + 1203. What is the highest common divisor of 116 and n?
116
Suppose 5867*o - 5910*o + 57233 = 0. Calculate the greatest common divisor of o and 231.
11
Let b = -716 + 718. Let n be (-63319)/(-46) + (-1)/b. What is the greatest common factor of 43 and n?
43
Let w be (-1 + 3 - 5) + 2 + 179. Let r = -124 + w. Let u be (-34)/(-4)*(r/9 + -4). Calculate the greatest common factor of 17 and u.
17
Let w(c) = -c + 22. Let x be w(18). Let r be ((-2)/x)/(6/(-504)). Suppose 8*a - 70 = 3*a. What is the highest common divisor of r and a?
14
Let p be 3/1 + (7 - -6). Suppose -8*b - p = -9*b. Let y(q) = 3*q**2 + 12*q + 17. Let z be y(-5). What is the greatest common divisor of z and b?
16
Let r be 35/(-11) - -3 - 10116/22. Let g = r - -669. Calculate the greatest common factor of 11 and g.
11
Let w(f) = -2*f + 67. Let g be w(31). Suppose 0 = -4*o - 5*v + 634, -312 = 21*o - 23*o - g*v. Calculate the highest common factor of 7 and o.
7
Suppose r = -5*w + 394, -234*r + 1504 = -230*r + 2*w. Calculate the greatest common factor of 99 and r.
11
Let p(v) = -51*v + 55. Let r(h) = 25*h - 28. Let w(b) = -4*p(b) - 9*r(b). Let l be w(-3). What is the greatest common divisor of l and 38?
19
Let p = -2374 + 2459. Let t = 66 - -2. Calculate the highest common factor of p and t.
17
Let z be (22374/(-18))/((-1)/(-2))*-14. What is the greatest common factor of z and 308?
308
Let j(v) be the first derivative of -v**3/3 - 3*v**2/2 + 52*v + 156. Let c be j(5). What is the greatest common factor of c and 188?
4
Let q = 5471 - 5469. Calculate the highest common factor of 978 and q.
2
Let t(v) = 101*v**3 - 4*v**2 + 2*v - 8. Let m be t(2). What is the highest common factor of 3349 and m?
197
Let a be (1036/185)/((-6)/(-975)). Calculate the greatest common factor of 14 and a.
14
Let u(y) = -10*y**3 - 20*y**2 - 73*y - 17. Let q be u(-4). What is the greatest common factor of q and 1547?
119
Suppose -34*g = 12*g - 13112 - 3080. Calculate the highest common divisor of 836 and g.
44
Let f(a) = -a**3 + 26*a**2 + 18*a - 103. Let m be f(26). Let h = m - 345. Calculate the greatest common factor of h and 68.
4
Let n = -586 - -588. Suppose -385 = -5*r + 3*z, r - n*z = 52 + 18. What is the greatest common factor of r and 50?
10
Suppose 17*o - 28*o = -1323 + 168. Calculate the greatest common factor of o and 35.
35
Let a = 9686 - 8641. Calculate the greatest common factor of 1710 and a.
95
Suppose -3*p + 0*p = 0, -v = 4*p - 2. Suppose h = v*f + 293, -4*h - 659 + 1807 = -2*f. What is the greatest common divisor of h and 76?
19
Suppose -x + 783 = -3*k, k = -3*x - 2*k + 2337. Calculate the greatest common factor of x and 36.
12
Let q = 10 - 4. Let m be (4 + -2)/(-6) - (-11)/33. Suppose -4*s + m*s = -4*b - 16, 14 = 4*s - 5*b. Calculate the greatest common divisor of q and s.
6
Suppose 8*t - 162 - 478 = 0. Let z = t + -62. Let o(w) = -18*w. Let p be o(-2). What is the greatest common factor of z and p?
18
Let z be (522/(-348))/(6/(-2380)) - -9. Calculate the greatest common factor of z and 5587.
151
Suppose 256214 - 1005750 = -199*o + 282080. What is the greatest common divisor of 128 and o?
64
Let u(d) = -2*d**2 - 23*d + 4. Let o be u(-6). Calculate the highest common factor of o and 154.
14
Suppose -9048*d + 9054*d = 120384. What is the greatest common factor of 24 and d?
24
Let w be 102 - ((-23)/(-92) - (-33)/(-4)). Calculate the highest common divisor of w and 12430.
110
Let h be 28/(242/40 + 528/(-88)). What is the highest common divisor of 3010 and h?
70
Suppose 4 = -g + o, 3*g - 7*o = -10*o + 18. Let a be 2/(-1) - (g - (-190)/(-5)). What is the highest common divisor of a and 105?
35
Let w(b) = b**2 + 72*b + 313. Let y be w(-69). Calculate the highest common divisor of 2 and y.
2
Let z(i) = i**3 + 2. Let s be -5 + 2 + 5/(-5)*-2. Let b be z(s). Let g be ((-44)/(-16) - b/(-4)) + 19. What is the highest common factor of g and 2?
2
Let a(b) = 14*b + 386. Let o be a(-7). What is the greatest common factor of 112 and o?
16
Let j = 45 - 30. Suppose 0*k + 2*k = -156. Let m = k + 138. Calculate the highest common factor of m and j.
15
Let p = 576 - 396. Suppose -6*f - 1679 = -491. Let v be (-12)/(-198) + (-5928)/f. Calculate the greatest common factor of p and v.
30
Let s be 43 + (2 - 1 - -1). Let y(o) = 218*o + 35006. Let l be y(-160). What is the greatest common factor of s and l?
9
Suppose 56467*f = 56429*f + 7676. Calculate the highest common factor of f and 5555.
101
Suppose 3*i - 5*t - 403 = 0, -8*t + 679 = 5*i - 9*t. Suppose -34 = -d - 0. What is the greatest common factor of i and d?
34
Suppose -5*c = -20, -a + 10*c + 60 = 13*c. Calculate the highest common factor of 3144 and a.
24
Suppose 0*y = -4*y + 3*x - 721, -2*y + 4*x - 348 = 0. Let h = -52 - y. Suppose 4*v = 18 + 30. What is the highest common factor of h and v?
12
Suppose 1 = -8*j + 913. Suppose -47*l + 45*l + j = 0. Calculate the highest common factor of 171 and l.
57
Let u be 12*-1*(-6)/4. Suppose 4*q + 5*a - 509 = 0, 5*q + 20*a = u*a + 632. What is the highest common factor of q and 14?
14
Suppose -9*l = -17913 - 38166. Calculate the highest common factor of 93 and l.
93
Suppose -101*h + 540 = -74*h. What is the greatest common divisor of h and 124?
4
Suppose 0 = -5*u - 3*o + 240, -2*o - 33 = -2*u + 79. Suppose 4*a - 73 = u. Suppose 0 = 25*b - 20*b - 1085. Calculate the highest common factor of a and b.
31
Let l be 377774/41 - (4*-2 + -1). Calculate the greatest common factor of l and 23.
23
Suppose 45*a + 11*a - 448 = 0. What is the highest common divisor of a and 12808?
8
Suppose -37*f + 24*f = -3530 - 1930. Calculate the highest common divisor of f and 462.
42
Let n be (-40)/15*8115/20*-2. What is the greatest common divisor of n and 4?
4
Suppose -5*s + 2*s - 1158 = -3*g, 3*g + 5*s = 1166. Suppose 0 = -29*f + g + 48. Let v be 9/4*80/3. Calculate the highest common divisor of v and f.
15
Let m be 0 - (3 - 1)/2*-3. S